{"id":103,"date":"2016-06-22T04:02:55","date_gmt":"2016-06-22T04:02:55","guid":{"rendered":"http:\/\/romulosouza.com.br\/blog\/?page_id=103"},"modified":"2022-06-20T17:25:00","modified_gmt":"2022-06-20T17:25:00","slug":"artigos","status":"publish","type":"page","link":"https:\/\/romulosouza.com.br\/blog\/artigos\/","title":{"rendered":"Publica\u00e7\u00f5es"},"content":{"rendered":"<div class=\"artigo-completo\">\n<div class=\"layout-cell layout-cell-11\">\n<div class=\"layout-cell-pad-5\">\n<p style=\"text-align: justify; padding-left: 50px;\"><span style=\"font-family: arial, helvetica, sans-serif; font-size: 10pt;\"><span style=\"color: #000000;\">SOUZA, R\u00f4mulo Francisco. <a href=\"https:\/\/www.ponteseditores.com.br\/loja\/index.php?route=product\/product&amp;product_id=1678\" target=\"_blank\" rel=\"noopener\">Subs\u00eddios para a elabora\u00e7\u00e3o de material did\u00e1tico e de um programa de refer\u00eancia para o curso de Portugu\u00eas como L\u00edngua de Acolhimento do CEFET-MG.<\/a> In: VIEIRA, Daniela Aparecida; LIBERALI, Fernanda Coelho. Campinas. Editora Pontes, 2022.<\/span><\/span><\/p>\n<p style=\"text-align: justify; padding-left: 50px;\"><span style=\"font-family: arial, helvetica, sans-serif; font-size: 10pt;\"><span style=\"color: #000000;\">SOUZA, R\u00f4mulo Francisco. COURA-SOBRINHO, Jer\u00f4nimo. DINIZ, M\u00f4nica Ba\u00eata Neves Pereira <a href=\"https:\/\/www.parabolaeditorial.com.br\/Custom.asp?IDLoja=34487&amp;arq=ebook.htm\" target=\"_blank\" rel=\"noopener\">Portugu\u00eas como l\u00edngua de acolhimento: pr\u00e1ticas e perspectivas<\/a>. S\u00e3o Paulo: Par\u00e1bola Editorial, 2021.<br \/>\n<\/span><\/span><\/p>\n<p style=\"text-align: justify; padding-left: 50px;\"><span style=\"font-family: arial, helvetica, sans-serif; font-size: 10pt;\"><span style=\"color: #000000;\">SOUZA, R\u00f4mulo Francisco. EJA e sociedade em rede: dilemas e concep\u00e7\u00f5es. In: OLIVEIRA, Eli Sabino. EJA, educa\u00e7\u00e3o midi\u00e1tica e direito \u00e0 informa\u00e7\u00e3o e \u00e0 comunica\u00e7\u00e3o. Belo Horizonte, Secretaria municipal de educa\u00e7\u00e3o<br \/>\n<\/span><\/span><\/p>\n<p style=\"text-align: justify; padding-left: 50px;\"><span style=\"font-family: arial, helvetica, sans-serif; font-size: 10pt;\"><span style=\"color: #000000;\">SOUZA, R\u00f4mulo Francisco; SILVA, Rafael Ferreira. <a href=\"http:\/\/www.eiipib.org\/wordpress\/wp-content\/uploads\/2019\/11\/O-italiano-na-esfera-p%C3%BAblica-brasileira.pdf?fbclid=IwAR0D0_OLvXzg4DcalhW29inzjNq2qZnj0e86TjoEzLBeYRVt5GYY3mjSG4I\" target=\"_blank\" rel=\"noopener\">O Italiano na esfera p\u00fablica brasileira: relatos, percursos e experi\u00eancias de ensino e aprendizagem<\/a>. Belo Horizonte: Editora do CEFET-MG (Centro Federal de Educa\u00e7\u00e3o Tecnol\u00f3gica de Minas Gerais), 2019<\/span><\/span><\/p>\n<p style=\"text-align: justify; padding-left: 50px;\"><span style=\"font-family: arial, helvetica, sans-serif; font-size: 10pt;\"><span style=\"color: #000000;\">SOUZA, <a href=\"http:\/\/www.eiipib.org\/wordpress\/wp-content\/uploads\/2019\/11\/O-italiano-na-esfera-p%C3%BAblica-brasileira.pdf?fbclid=IwAR0D0_OLvXzg4DcalhW29inzjNq2qZnj0e86TjoEzLBeYRVt5GYY3mjSG4I\">Apresenta\u00e7\u00e3o<\/a> &#8211; In: SOUZA, R\u00f4mulo Francisco; SILVA, Rafael Ferreira. I italiano na esfere p\u00fablica brasileira: relatos, percursos e experi\u00eancias de ensino e aprendizagem. Belo Horizonte: Editora do CEFET-MG, 2019<br \/>\n<\/span><\/span><\/p>\n<p style=\"text-align: justify; padding-left: 50px;\"><span style=\"font-family: arial, helvetica, sans-serif; font-size: 10pt;\"><span style=\"color: #000000;\">SOUZA, R\u00f4mulo Francisco.<a href=\"http:\/\/www.eiipib.org\/wordpress\/wp-content\/uploads\/2019\/11\/O-italiano-na-esfera-p%C3%BAblica-brasileira.pdf?fbclid=IwAR0D0_OLvXzg4DcalhW29inzjNq2qZnj0e86TjoEzLBeYRVt5GYY3mjSG4I\" target=\"_blank\" rel=\"noopener\">Letramentos digitais e utiliza\u00e7\u00e3o de material did\u00e1tico no contexto de ensino e aprendizagem do italiano nos Centros de Estudos de L\u00ednguas do Estado de S\u00e3o Paulo<\/a>. In: SOUZA, R\u00f4mulo Francisco; SILVA, Rafael Ferreira. O Italiano na esfera p\u00fablica brasileira: relatos, percursos e experi\u00eancias de ensino e aprendizagem. Belo Horizonte: Editora do CEFET-MG, 2019<\/span><\/span><\/p>\n<p style=\"text-align: justify; padding-left: 50px;\"><span style=\"font-family: arial, helvetica, sans-serif; font-size: 10pt;\"><span style=\"color: #000000;\">SOUZA, R\u00f4mulo Francisco. <a href=\"https:\/\/www.academia.edu\/68601441\/Design_material_didatico_centro_de_estudos_de_linguas_italiano_SP\" target=\"_blank\" rel=\"noopener\">Design de material did\u00e1tico p\u00f3s-m\u00e9todo no contexto dos Centros de Estudos de L\u00ednguas do Estado de S\u00e3o Paulo: desafios e encaminhamentos na pr\u00e1tica do professor-autor e da professora-autora.<\/a> In: F\u00e1bio Marques de Souza; Marta L\u00facia Cabrera Kfouri Kaneoya. (Org.). Centro de Estudos de L\u00ednguas do Estado de S\u00e3o Paulo: mem\u00f3rias, trajet\u00f3rias e pol\u00edticas. 1ed.S\u00e3o Paulo: Editora Mentes Abertas, 2019, v. 1, p. 10<\/span><\/span><\/p>\n<p style=\"text-align: justify; padding-left: 50px;\"><span style=\"font-family: arial, helvetica, sans-serif; font-size: 10pt;\"><span style=\"color: #000000;\">SOUZA,R\u00f4mulo Francisco; ORTALE, Fernanda Landucci ; PAULA LIMA, Arlete Carvalheiro. Os cursos dos Centros de Estudos de L\u00ednguas do estado de S\u00e3o Paulo: passado e futuro sob o olhar de uma ex-coordenadora. In: F\u00e1bio Marques de Souza; Marta L\u00facia Cabrera Kfouri Kaneoya. (Org.). Centro de Estudos de L\u00ednguas do Estado de S\u00e3o Paulo: mem\u00f3rias, trajet\u00f3rias e pol\u00edticas. 1ed.S\u00e3o Paulo: Editora Mentes Abertas, 2019, v. 1, p. 50-<\/span><\/span><\/p>\n<p style=\"text-align: justify; padding-left: 50px;\"><span style=\"font-family: arial, helvetica, sans-serif; font-size: 10pt;\"><span style=\"color: #000000;\">SOUZA, R\u00f4mulo Francisco. BRANQUINHO, Lisa Paula Reis; SALES, Danielle Mendes. <a href=\"http:\/\/www.eademrevista.ufba.br\/aspectos-motivacionais-e-estrategias-de-gamificacao-em-ambientes-virtuais-de-ensino-e-aprendizagem-de-linguas-a-distancia\/\" target=\"_blank\" rel=\"noopener\">Aspectos motivacionais e estrat\u00e9gias de gamifica\u00e7\u00e3o em ambientes virtuais de ensino e aprendizagem de l\u00ednguas a dist\u00e2ncia<\/a>. EaD UFBA em Revista, v. 3, [s.p.], 2019.<br \/>\n<\/span><\/span><\/p>\n<p style=\"text-align: justify; padding-left: 50px;\"><span style=\"font-family: arial, helvetica, sans-serif; font-size: 10pt;\"><span style=\"color: #000000;\">SOUZA, R\u00f4mulo Francisco.<\/span> <em><a href=\"http:\/\/www.scielo.br\/pdf\/tla\/v57n2\/0103-1813-tla-57-02-1189.pdf\" target=\"_blank\" rel=\"noopener\">Material Did\u00e1tico Virtual Livre para o ensino e a aprendizagem de italiano no \u00e2mbito dos Centros de Estudos de L\u00ednguas do estado de S\u00e3o Paulo: caminhos da pedagogia p\u00f3s-m\u00e9todo<\/a><\/em>. <span style=\"color: #000000;\">TRABALHOS EM LINGU\u00cdSTICA APLICADA, v. 57, p. 1189-1219, 2018.<\/span><\/span><\/p>\n<p style=\"text-align: justify; padding-left: 50px;\"><span style=\"font-size: 10pt; font-family: arial, helvetica, sans-serif;\"><span style=\"color: #000000;\"> SOUZA, R\u00f4mulo Francisco. <a href=\"http:\/\/periodicos.unb.br\/index.php\/horizontesla\/article\/view\/9201\" target=\"_blank\" rel=\"noopener\"><em>Dimens\u00e3o cr\u00edtica e design de material did\u00e1tico no contexto dos Centros de Estudos de L\u00ednguas do Estado de S\u00e3o Paulo: o caso do ingl\u00eas.<\/em><\/a> REVISTA HORIZONTES DE LINGUISTICA APLICADA, <i>17<\/i>(1). UNB\u00a0 2018<\/span><br \/>\n<\/span><\/p>\n<p style=\"text-align: justify; padding-left: 50px;\"><span style=\"color: #000000; font-family: arial, helvetica, sans-serif; font-size: 10pt;\">SOUZA, R\u00f4mulo Francisco. <em><a href=\"http:\/\/siple.org.br\/index.php?option=com_content&amp;view=article&amp;id=366:a-estruturacao-do-curso-de-portugues-lingua-de-acolhimento-do-centro-zanmi-realidades-perspectivas-e-desafios&amp;catid=79:edicao-9&amp;Itemid=117\" target=\"_blank\" rel=\"noopener\">A estrutura\u00e7\u00e3o do curso de portugu\u00eas L\u00edngua de Acolhimento do Centro Zanmi: realidades, perspectivas e desafios.<\/a><\/em> SOCIEDADE INTERNACIONAL DE PORTUGU\u00caS L\u00cdNGUA ESTRANGEIRA &#8211; SIPLE, v. 9, p. 1-10, 2018. <\/span><\/p>\n<p style=\"padding-left: 50px;\"><span style=\"font-size: 10pt; font-family: arial, helvetica, sans-serif; color: #000000;\">SOUZA, R\u00f4mulo Francisco. <a href=\"http:\/\/www.revistas.usp.br\/italianistica\/article\/view\/153259\/149796\" target=\"_blank\" rel=\"noopener\">Ensinar ou n\u00e3o ensinar sobre o uso de dicion\u00e1rios nas aulas de l\u00edngua italiana: eis a quest\u00e3o<\/a>. REVISTA DE ITALIAN\u00cdSTICA, Universidade de S\u00e3o Paulo, v. 36, p. 17-36, 2018<\/span><\/p>\n<p style=\"padding-left: 50px;\"><span style=\"font-size: 10pt; font-family: arial, helvetica, sans-serif; color: #000000;\">SOUZA, R\u00f4mulo Francisco; ZUCCHI, A. M. T.; SANTORO, Elisabetta.\u00a0<a href=\"http:\/\/www.revistas.usp.br\/italianistica\/article\/view\/153264\/149798\" target=\"_blank\" rel=\"noopener\">Editorial<\/a>. REVISTA DE ITALIAN\u00cdSTICA, Universidade de S\u00e3o Paulo, v. 36, p. 2 &#8211; 4, 2018<\/span><\/p>\n<p style=\"text-align: justify; padding-left: 50px;\"><span style=\"color: #000000; font-family: arial, helvetica, sans-serif; font-size: 10pt;\">SOUZA, Romulo Francisco de.<em> <a href=\"http:\/\/www.eiipib.org\/wordpress\/?p=1724\" target=\"_blank\" rel=\"noopener\">ADA \u2013 um Ambiente Virtual de Aprendizagem livre made in Italy.<\/a><\/em> EIIPIB_virtual [blog]. Publicado em 19 agosto 2018. Dispon\u00edvel em: &lt;http:\/\/www.eiipib.org\/wordpress\/?p=1724&gt;. Acesso em: 20 de setembro de 2018<br \/>\n<\/span><\/p>\n<p style=\"text-align: justify; padding-left: 50px;\"><span style=\"color: #000000; font-family: arial, helvetica, sans-serif; font-size: 10pt;\">SOUZA, Romulo Francisco de.<a href=\"http:\/\/www.eiipib.org\/wordpress\/?p=1419\" target=\"_blank\" rel=\"noopener\"><em> Estilos e estrat\u00e9gias de aprendizagem<\/em>.<\/a> EIIPIB_virtual [blog]. Publicado em 13 abril 2018. Dispon\u00edvel em: &lt;http:\/\/www.eiipib.org\/wordpress\/?p=1419 &gt;. Acesso em: 20 de setembro de 2018<br \/>\n<\/span><\/p>\n<p style=\"text-align: justify; padding-left: 50px;\"><span style=\"color: #000000; font-family: arial, helvetica, sans-serif; font-size: 10pt;\">SOUZA, R\u00f4mulo Francisco\u00a0<em><a href=\"http:\/\/spap.fflch.usp.br\/sites\/spap.fflch.usp.br\/files\/P%C3%B3s_R%C3%B4mulo%20Franscisco%20de%20Souza.pdf\" target=\"_blank\" rel=\"noopener\">Implica\u00e7\u00f5es do uso de material did\u00e1tico virtual livre em contexto formal de ensino-aprendizagem de italiano como LE\/L2: a perspectiva dos problemas de ensino<\/a>.<\/em> 1. ed. S\u00e3o Paulo: FFLCH\/USP &#8211; S\u00e9rie: Produ\u00e7\u00e3o Acad\u00eamica Premiada, 2016<br \/>\n<\/span><\/p>\n<p style=\"text-align: justify; padding-left: 50px;\"><span style=\"color: #000000; font-family: arial, helvetica, sans-serif; font-size: 10pt;\">SOUZA R\u00f4mulo Francisco. M\u00e9todos, instrumentos e perspectivas te\u00f3ricas da pesquisa em Problemas de Ensino &#8211; dos relatos dos professores \u00e0 Teoria Fundamentada. S\u00e3o Paulo: Humanitas \/ In: <em>Luz, C\u00e2mera e A\u00e7\u00e3o!<\/em> O Professor-autor da sala de l\u00ednguas estrangeira., 2016<br \/>\n<\/span><\/p>\n<p style=\"text-align: justify; padding-left: 50px;\"><span style=\"font-family: arial, helvetica, sans-serif; font-size: 10pt;\"><span style=\"color: #000000;\">SOUZA, R\u00f4mulo Francisco.<\/span> <em><a href=\"https:\/\/www.eduerj.com\/eng\/?product=licenciatura-sem-fronteiras-semiosferas-em-transformacao\" target=\"_blank\" rel=\"noopener\">A Forma\u00e7\u00e3o de Professores de Idiomas na Era P\u00f3s-m\u00e9todo &#8211; A Perspectiva dos Problemas de Ensino<\/a>.<\/em> <span style=\"color: #000000;\">Cadernos de Gradua\u00e7\u00e3o: dialogando com a pr\u00e1xis. 1ed.Rio de Janeiro: UERJ &#8211; Sub-reitoria de Gradua\u00e7\u00e3o &#8211; Cetreina, v. 1, p. 10, 2016<\/span><\/span><\/p>\n<p style=\"text-align: justify; padding-left: 50px;\"><span style=\"color: #000000; font-family: arial, helvetica, sans-serif; font-size: 10pt;\">SOUZA, R\u00f4mulo Francisco. <em><a href=\"https:\/\/pt-br.libreoffice.org\/assets\/Uploads\/PT-BR-Documents\/Magazine\/LM-ED23.pdf\" target=\"_blank\" rel=\"noopener\">Verificadores ortogr\u00e1ficos em l\u00edngua italiana no LibreOffice Writer.<\/a><\/em> LibreOffice Magazine. 2016<\/span><\/p>\n<p style=\"padding-left: 50px;\"><span style=\"color: #000000; font-family: arial, helvetica, sans-serif; font-size: 10pt;\">SOUZA, R\u00f4mulo Francisco. <em><a href=\"http:\/\/www.revistas.usp.br\/italianistica\/article\/view\/116191\" target=\"_blank\" rel=\"noopener\">A Compreens\u00e3o Oral em Softwares Did\u00e1ticos de Lingua Italiana\u00a0 como Lingua Estrangeira: avalia\u00e7\u00e3o e design de atividades<\/a><\/em>. Revista de Italian\u00edstica, v. 25, p. 34-63, 2015.<\/span><\/p>\n<p style=\"text-align: justify; padding-left: 50px;\"><span style=\"color: #000000; font-family: arial, helvetica, sans-serif; font-size: 10pt;\">SOUZA, R\u00f4mulo Francisco. <em><a href=\"http:\/\/www.latec.ufrj.br\/revistas\/index.php?journal=educaonline&amp;page=article&amp;op=view&amp;path[]=101\" target=\"_blank\" rel=\"noopener\">Design de material instrucional virtual &#8211; para o ensino de l\u00ednguas &#8211; centrado no aprendiz: a contribui\u00e7\u00e3o do aluno estrat\u00e9gico<\/a>.<\/em> Revista Educaonline, v. 4, p. 1-14, 2010.<\/span><\/p>\n<p style=\"text-align: justify; padding-left: 50px;\"><span style=\"color: #000000; font-family: arial, helvetica, sans-serif; font-size: 10pt;\">SOUZA, R\u00f4mulo Francisco. <em>O impacto da utiliza\u00e7\u00e3o de software did\u00e1tico em sala de aula presencial de italiano como l\u00edngua estrangeira:<\/em> um estudo de caso. Serafino (S\u00e3o Paulo), v. 3, p. 95-103, 2010.<\/span><\/p>\n<p style=\"text-align: justify; padding-left: 50px;\"><span style=\"font-family: arial, helvetica, sans-serif; font-size: 10pt;\"><span style=\"color: #000000;\">SOUZA, R\u00f4mulo Francisco.<\/span> <em><a href=\"http:\/\/www.pgletras.uerj.br\/palimpsesto\/num11\/resenhas\/palimpsesto11_resenha02.pdf\" target=\"_blank\" rel=\"noopener\">Il novellino: prim\u00f3rdios da novel\u00edstica medieval italiana<\/a><\/em>.<span style=\"color: #000000;\"> Mil\u00e3o: BUR &#8211; Biblioteca Universale Rizzoli, 2010 (Resenha).<\/span><\/span><\/p>\n<p style=\"text-align: justify; padding-left: 50px;\"><span style=\"color: #000000; font-family: arial, helvetica, sans-serif; font-size: 10pt;\">SOUZA, R\u00f4mulo Fracisco. <a href=\"http:\/\/periodicos.unb.br\/index.php\/rd\/article\/view\/16428\" target=\"_blank\" rel=\"noopener\"><em>Essere o avere, professore?<\/em> &#8211; Efeitos da instru\u00e7\u00e3o foco na forma (FonF) na aquisi\u00e7\u00e3o do passato prossimo por aprendizes de italiano como l\u00edngua estrangeira.<\/a> Revista Desempenho, v. 10, p. 34-52, 2009.<\/span><\/p>\n<p style=\"text-align: justify; padding-left: 50px;\"><span style=\"font-family: arial, helvetica, sans-serif; font-size: 10pt;\"><span style=\"color: #000000;\">SOUZA, R\u00f4mulo Francisco (ORG.).<\/span> <a href=\"http:\/\/www.letras.ufmg.br\/padrao_cms\/documentos\/eventos\/vivavoz\/fundamentos_lit_ita-site.pdf\" target=\"_blank\" rel=\"noopener\"><em>Fundamentos de literatura italiana:<\/em> l\u00edrica.<\/a> <span style=\"color: #000000;\">Cadernos Viva-voz &#8211; Letras &#8211; Faculdade de Letras &#8211; Universidade Federal de Minas Gerais. Belo Horizonte, 2009.<\/span><\/span><\/p>\n<\/div>\n<\/div>\n<\/div>\n","protected":false},"excerpt":{"rendered":"<p>SOUZA, R\u00f4mulo Francisco. Subs\u00eddios para a elabora\u00e7\u00e3o de material did\u00e1tico e de um programa de refer\u00eancia para o curso de Portugu\u00eas como L\u00edngua de Acolhimento do CEFET-MG. In: VIEIRA, Daniela Aparecida; LIBERALI, Fernanda Coelho. Campinas. Editora Pontes, 2022. SOUZA, R\u00f4mulo Francisco. COURA-SOBRINHO, Jer\u00f4nimo. DINIZ, M\u00f4nica Ba\u00eata Neves Pereira Portugu\u00eas como l\u00edngua de acolhimento: pr\u00e1ticas e [&hellip;]<\/p>\n","protected":false},"author":1,"featured_media":0,"parent":0,"menu_order":0,"comment_status":"closed","ping_status":"closed","template":"page-templates\/front-page.php","meta":[],"_links":{"self":[{"href":"https:\/\/romulosouza.com.br\/blog\/wp-json\/wp\/v2\/pages\/103"}],"collection":[{"href":"https:\/\/romulosouza.com.br\/blog\/wp-json\/wp\/v2\/pages"}],"about":[{"href":"https:\/\/romulosouza.com.br\/blog\/wp-json\/wp\/v2\/types\/page"}],"author":[{"embeddable":true,"href":"https:\/\/romulosouza.com.br\/blog\/wp-json\/wp\/v2\/users\/1"}],"replies":[{"embeddable":true,"href":"https:\/\/romulosouza.com.br\/blog\/wp-json\/wp\/v2\/comments?post=103"}],"version-history":[{"count":54,"href":"https:\/\/romulosouza.com.br\/blog\/wp-json\/wp\/v2\/pages\/103\/revisions"}],"predecessor-version":[{"id":464,"href":"https:\/\/romulosouza.com.br\/blog\/wp-json\/wp\/v2\/pages\/103\/revisions\/464"}],"wp:attachment":[{"href":"https:\/\/romulosouza.com.br\/blog\/wp-json\/wp\/v2\/media?parent=103"}],"curies":[{"name":"wp","href":"https:\/\/api.w.org\/{rel}","templated":true}]}}